 h(y) = -43 + 135 - 2*y**3 + 19*y**2 - 87 + 10*y. Let s(t) = 3*t - 44. Let x be s(18). What is h(x)?
5
Let l = -1388 - -1392. Let t(z) = z - 5. What is t(l)?
-1
Let y(u) = u**3 + 2*u**2 + 1. Let l = 1796 + -1791. Let f(n) = -2*n**3 - 5*n**2 - n - 1. Suppose 1 = -3*j + 7. Let c(t) = j*f(t) + l*y(t). Calculate c(2).
7
Let f(t) = t**3 - t**2 - 3*t + 3. Let w be f(3). Let o(c) = c - 9 - c**3 + 0*c**2 + w + c**2. Suppose -5*p + 5 = -2*k, -k - 2*p + 48 = 46. Give o(k).
3
Let g be -1 - (7 - (1 + -1)). Let r(k) = -2*k**2 + 8*k + 18. Let a(t) = -3 - 8*t - 13*t**2 + 14*t**2 - 9. Let m(c) = 3*a(c) + 2*r(c). Determine m(g).
0
Let a(t) be the second derivative of 4*t**3 - 187*t**2/2 + 5*t - 44. What is a(8)?
5
Let i(a) be the first derivative of 0*a**2 - 12*a + 1/3*a**3 + 217. Determine i(0).
-12
Let z(r) = -r**3 + 15*r**2 - 32*r - 11. Suppose 6*q - 2*i - 30 = 44, 2*i - 34 = -3*q. Calculate z(q).
37
Let s(k) be the first derivative of -2*k**3/3 + 21*k**2/2 - 7*k + 2924. What is s(9)?
20
Let n = 5270 - 5274. Let w(l) = -8*l - 3. Give w(n).
29
Let c be (-3 + 18/4)/(0 + (-9)/24). Let h(d) = -5*d - 25. What is h(c)?
-5
Suppose -4*l = -3*x + 5, 3*x - 15 = 4*l + 2*x. Let m(f) be the first derivative of -2*f**3/3 - 13*f**2/2 - 9*f - 2905. Give m(l).
6
Let d be 18/(-33) - (65 + 8944/(-143)). Let x(j) = -3 + 0*j**3 - j**3 + 2*j**3 + 4*j**2. Give x(d).
6
Let u(m) = 28*m - 2899. Let f be u(103). Let l(o) = o + 34. Give l(f).
19
Suppose -10 = s - 14. Suppose s*b + 2*b - 12 = 0. Let v(w) = -b + 3*w + 3*w - 4*w - 2. What is v(5)?
6
Let r(g) = g**2 + 5*g - 3. Let b(l) = -2*l**3 + 5*l**2 + 7*l. Let u be b(-2). Let k = u + -20. Suppose k*w + 4*c + 34 = -w, -3*c + 18 = -5*w. Calculate r(w).
3
Let z(a) = a**3 - 7*a**2 + 4*a. Let n be 3 - (-2 - 1)*7. Suppose -2*u = -5*o - 395, 4*u = -4 + n. Let h = 83 + o. Determine z(h).
-12
Suppose p = -4*p + 3*h - 1, -2*p + 2*h - 2 = 0. Let x(v) = -185*v**2 - 2 + 22*v**3 + 77*v**2 + 0 + 108*v**2 + v. Calculate x(p).
21
Let o = -2830 - -2833. Let k(f) be the second derivative of -1/6*f**o + 5*f + 1/5*f**5 + 0 + 1/2*f**2 + 0*f**4. Calculate k(1).
4
Let a(w) = w**2 + 6*w + 4. Let k(t) = -t**2 - 2*t + 93. Let y(v) = v**2 + 16*v + 72. Let n be y(-9). Let o be k(n). What is a(o)?
4
Let n(s) = -10*s**2 - s - 1. Suppose 2*j - 9*j = -182. Suppose j*q = 17*q - 9. What is n(q)?
-10
Let a(d) = -11*d - 1. Let x = 19966 - 19971. Calculate a(x).
54
Let h(z) be the third derivative of 4*z**2 + 1/6*z**3 + 0*z + 1/24*z**4 + 0 + 1/60*z**5. Let g(m) = -m**2 - 11*m - 8. Let r be g(-10). Determine h(r).
7
Let p(n) = -n**3 + 5*n**2 + 4*n + 20. Suppose -55*w + 191 + 139 = 0. Calculate p(w).
8
Suppose 0 = -5*s - 12 + 37. Suppose 0 = 5*v - 2*j + 27, s*v - 3*j + 32 = 9. Let a(h) be the third derivative of h**4/24 + 4*h**3/3 - 9*h**2. Give a(v).
1
Let r(n) be the second derivative of n**5/10 - 11*n**4/4 - 53*n**3/6 - 13*n**2 - 774*n + 4. Calculate r(18).
-8
Let s be (294/210)/(5/25). Let l(x) = x**2 + 2*x + 4. Give l(s).
67
Suppose -42*q - 3*y + 21 = -44*q, 27 = q + 6*y. Let c(a) = 16*a + 14. Determine c(q).
-34
Suppose -4*n + 4*r - 56 = 0, 9*r = 2*n + 5*r + 28. Let x(y) = -y**3 - 15*y**2 - 14*y - 14. What is x(n)?
-14
Let c(s) = -3*s**2 - 26*s - 29. Let k be (-1121)/152 - 6/(-16). Let u be c(k). Let v(a) = -a. Give v(u).
-6
Let u(t) = 2*t + 6. Suppose 0 = 7*q + 967 - 302. Let d = 88 + q. What is u(d)?
-8
Let w(p) = p**2 + 12*p - 10. Let g = -1721 - -2428. Let l = 695 - g. Determine w(l).
-10
Suppose -28*m - 11 = -17*m. Let l(r) = -3*r**2 - 4*r + 1. Let o(f) = f**2. Let j(a) = m*l(a) - 5*o(a). What is j(4)?
-17
Suppose -4*l = -4*k + 120, 4*l + 14 = 2*k - 56. Let x(z) = -30 + 4 + k - z. Determine x(-1).
0
Let k(b) be the second derivative of -3*b**5/20 - b**4/6 - 5*b**3/6 + 5*b**2/2 - 6*b - 70. What is k(2)?
-37
Let s = 1599 - 1592. Let c(x) = x**3 - 4*x**2 - 12*x - 3. Determine c(s).
60
Let u be 1/(45/11 - (6 - 2)). Let o(a) = a + a - u*a + 0 + 2 + 1. Determine o(-2).
21
Let y be 2/5 + 516/60. Suppose 4*m - 16 = 0, 3*o = 2*o + 3*m - y. Let n(z) be the second derivative of z**5/20 - z**4/6 - z**3/2 - 3*z**2/2 - 10*z. Give n(o).
-3
Let j(u) = -160*u**2 + 2*u - 8. Let p(d) = -668*d**2 + 8*d - 33. Let v(m) = 25*j(m) - 6*p(m). Let c = -4 - -2. Calculate v(c).
26
Let a(i) = 2*i**3 - 7*i**2 - 6*i + 18. Let f be a(4). Let o(w) = w**3 + 5*w**2 + 4*w + 5. Let q be o(-4). Suppose -f = 5*z + q. Let k(n) = -n. What is k(z)?
3
Let f(a) = 4*a + 20. Let i be f(-5). Suppose i = 2*n + 6*n + 40. Let r be (6/(-5))/((n/5)/(-5)). Let x(u) = u + 3. Determine x(r).
-3
Let w(x) = 4*x - x**3 - 4 + x**2 + 3*x**2 - x. Suppose -4*z = -b + 4*b + 8, 2 = 3*b - z. Suppose 113*k - 111*k - 8 = b. Give w(k).
8
Suppose 88 - 68 = 4*r. Suppose r*s - 10*s = 2*b + 60, s = 4*b + 10. Let j(u) = u + 1. What is j(s)?
-9
Let f(h) = -4 + 3 - 4 + 3672*h**2 + 2 - 3673*h**2. What is f(4)?
-19
Let j(k) be the first derivative of k**2/2 + 6*k + 507. Suppose -z + 0*z = 4. Let o(f) = -2*f - 13. Let q(r) = z*o(r) - 9*j(r). What is q(-3)?
1
Let t = -29149 + 29153. Let y(o) = -17*o + 83. What is y(t)?
15
Suppose -3*g - z + 43 = 0, -4 - 2 = -g - 2*z. Let f(a) = -4*a + 43. Calculate f(g).
-21
Suppose 34 = 5*l - 4*w, 3*l - 8 = l - 4*w. Let f(q) be the third derivative of q**6/120 - 7*q**5/60 + q**4/4 - q**3/2 + q**2 - 661*q. What is f(l)?
-3
Let m(l) be the third derivative of l**7/840 + l**6/90 - 5*l**4/24 + 26*l**3/3 + 30*l**2. Let c(z) be the first derivative of m(z). Calculate c(-4).
-5
Suppose d = -139 - 8. Let w = -149 - d. Let g(j) = 4*j - 2. Let t(f) = f. Let r(n) = g(n) - 12*t(n). Calculate r(w).
14
Let f(h) = h**2 + 3*h - 5. Let g(b) = -14*b - 65. Let k be g(-5). Let r be (-11)/(-4) + (-3)/(-12). Suppose r*c - 3 = -3*l, k*l + 2*c = c - 15. Give f(l).
-1
Let b(t) = t**3 - 7*t**2 + 9. Suppose -4*l + 2*l = -14. Let h be b(l). Let f(w) = -10*w**2 - 59 - 57 + 9*w - 56 - 45 - 52 + w**3 + 273. Give f(h).
4
Let w(v) be the third derivative of 1/60*v**5 + 2/3*v**4 + 26 + 0*v + 11/6*v**3 + v**2. Calculate w(-15).
-4
Let a = -147 - -149. Let m(w) = 292*w**a - 2*w - w**3 + 4*w - 295*w**2. Give m(-2).
-8
Let x = -18913 + 18906. Let c(h) = h**2 + 4*h - 1. Determine c(x).
20
Let p(c) = -4*c - 1. Let m be -10 - 69/(-6) - 6/(-4). What is p(m)?
-13
Let z(h) = 3*h - 7. Suppose 2*v + 4*d - 10 = 0, -86*d + 38 = 2*v - 89*d. Calculate z(v).
32
Let k(t) = 0 - 37 + 2 - 2*t + 3 + 3 + 37. Suppose -22 = -2*q - 3*w, -q + 4*q - 3 = 3*w. What is k(q)?
-2
Let a(d) = 6*d**3 + 2*d**2 - d. Let w = 18 - 8. Suppose -5*x = 3*c + 26, c + 2*x = -0*c - w. Let m be c/(2 + (1 - 5)). Determine a(m).
7
Let o(y) be the second derivative of 7*y**3/6 + 148*y**2 - 994*y. Give o(-41).
9
Let x(q) = -11. Let f(w) = -w - 5. Let m(p) = -8*f(p) + 3*x(p). Calculate m(-4).
-25
Let l(x) = 25*x + 2 - 83*x + 32*x + 20*x**2 + 24*x + 0. Calculate l(2).
78
Let a(q) = q**2 + 10*q + 9. Let h(v) = 1 + 1 - 11*v - 1 + 12*v - 3. Let u be ((-7)/2)/((-1)/(-2)). Let m be h(u). What is a(m)?
0
Let k(d) = d**3 + 6*d**2 + 52*d - 19. Let g(f) = 3*f**3 + 18*f**2 + 138*f - 55. Let i(v) = -3*g(v) + 8*k(v). Let q(p) = -6*p. Let b be q(1). Calculate i(b).
1
Let g(r) be the third derivative of -r**6/360 - r**5/10 - 7*r**4/24 + 49*r**3/6 + 3*r**2 - 16. Let p(k) be the first derivative of g(k). Determine p(-11).
4
Let h(i) = 65*i - 34. Let k(p) = 88*p - 46. Let l(d) = -19*h(d) + 14*k(d). Suppose 0 = -3*s - 9. Calculate l(s).
11
Let u(t) = t**3 - t**2 - t - 2. Let z be (13 - 31) + 2 + 1. Let a be (5 - (-85)/z)*-3. Determine u(a).
0
Suppose -3*q - 12 = 3*v - 3, 2*q = 2*v - 10. Suppose -d = -s - 4, v = s + 3. Let h(z) = -32*z + 4*z**2 - z**3 + 4 - 4 - 24*z + 93*z - 38*z. Calculate h(d).
6
Let c(g) = g**2 - 6*g + 6. Let x(k) = -k**3 - 43*k**2 - 40*k + 86. Let b be x(-42). Suppose t - 11 = -b*y, 4*y - 16 = t + 3. Calculate c(y).
1
Suppose 5*v = -5*i + 3*v + 12, 5*v = -5*i. Suppose y - 13 = -i*h + 2*h, -h + 65 = 5*y. Let d(g) = g**2 - 13*g - 2. Give d(y).
-2
Let l(p) = -p**3 + p**2 + 8*p + 16. Let s(b) = -2*b**3 + b**2 + 7*b + 13. Let m(r) = -5*l(r) + 6*s(r). Let w be -2 - -1 - (0 - 2). Determine m(w).
-6
Let g(j) be the second derivative of j**7/2520 - j**6/48 + 7*j**5/60 + 49*j**4/3 - 2*j - 4. Let w(r) be the third derivative of g(r). What is w(13)?
-12
Let y(s) = s**2 - 6*s + 1. Let v be y(5). Le